z) = 5*z - 7. Let w(l) = -2*l + 3. Let d(x) = 6*o(x) + 14*w(x). Determine d(1).
2
Let t = -5 - -6. Suppose -t = -f + 5. Let y(c) = -c**2 + 81*c - 167*c + 7 + 88*c. Calculate y(f).
-17
Let i = 0 + 5. Let d be i/((-9)/(-2) - 2). Let y(t) = 1 + 1 - d - t - 2. Calculate y(6).
-8
Suppose 0 = -3*i - 2*i - 25, 44 = 4*r - 4*i. Suppose 1 = r*t - 5. Let z(b) = t - 6*b + 6*b + 2*b**2. What is z(-1)?
3
Let r(z) be the third derivative of z**6/120 + z**4/12 - 14*z**2. Let i(f) be the second derivative of r(f). Calculate i(2).
12
Let p = -57 + 54. Let f(v) = -11 + v - 2*v**2 - 3*v**2 - 6 + 5. Let a(n) = 2*n**2 + 4. Let q(b) = 8*a(b) + 3*f(b). Give q(p).
-4
Let t = -25 - -25. Let q(i) = -i + 1. Let d(l) = -4*l + 13. Let j(r) = d(r) - 5*q(r). What is j(t)?
8
Let x = 78 + -50. Let o be 6/(-21) + (-20)/x. Let a(r) = -4. Let k(j) = -j - 1. Let q(c) = o*a(c) + 3*k(c). Determine q(-4).
13
Let z(m) be the first derivative of m**2/2 - 13*m - 2. Let k = 29 + -18. Let i = -5 + k. Give z(i).
-7
Let t(y) = 11*y**2 + 13*y - 1. Let w(j) = -9*j**2 - 12*j + 1. Let o(b) = 4*t(b) + 5*w(b). Determine o(-6).
13
Let n(a) be the second derivative of a**4/12 - 7*a**3/2 - a**2 - 2*a + 244. Determine n(21).
-2
Let b(t) = -6*t + 5. Let p be b(0). Let d(v) = -v**2 + 6*v. Let c(o) = -o**2 + 7*o. Let f(l) = -2*c(l) + 3*d(l). What is f(p)?
-5
Let m(c) be the third derivative of -c**4/3 - c**3/2 + 5*c**2 - 6*c. Determine m(-2).
13
Let d(f) be the third derivative of f**6/40 - f**4/12 - f**3/6 + 4*f**2. Let x be d(-1). Let s(t) = 2*t**3 + 2*t**2 + t + 1. Give s(x).
-9
Let w(p) = -8 + 11 + 2*p - 6. Let h(x) = -3*x + 2. Let j(s) = -4*h(s) - 3*w(s). Give j(-1).
-5
Let j(d) = -d**3 + 7*d**2 + 2*d - 10. Let b be j(7). Let h(y) = -6*y - b + 5 - 2 - y**2 - 1. Give h(-4).
6
Let j = 1917 + -1908. Let m(h) = h**3 - 10*h**2 + 8*h + 10. Give m(j).
1
Let i(a) = 11 - 5*a - 20 + 2*a**2 + 6. Determine i(4).
9
Let p(b) = b + 4. Let u = -90 - -86. Determine p(u).
0
Let i(v) be the third derivative of -v**5/60 + v**4/8 - 13*v**3/6 - 87*v**2 - 2*v. Calculate i(5).
-23
Let o(c) = -17*c**2 + c. Let a(d) = d**2 + 4*d + 3. Let g be a(-5). Let b be 6/(-24) + 10/g. What is o(b)?
-16
Let j(x) = -x - 1. Let n be 4/8*(-4)/(-2). Let v(h) = h**3 + 3*h**2 - 3*h - 2. Let z(u) = n*v(u) - 2*j(u). Let s be 3*(0 - -3)/(-3). What is z(s)?
3
Let h = -16 - -21. Let y(q) be the third derivative of -q**4/24 + 5*q**3/6 + 7*q**2. Give y(h).
0
Let i(l) = l**3 - 3*l**2 - 4*l + 3. Suppose 6*p - 48 = 2*p. Let f = p + -14. Let u = f - -5. What is i(u)?
-9
Let j(l) be the first derivative of l**5/60 + l**4/12 - l**3/6 - 5*l**2/2 - 26. Let g(r) be the second derivative of j(r). What is g(1)?
2
Suppose 0 = 3*a + 7 - 19. Let l(v) be the third derivative of 0*v - 10*v**2 - 1/2*v**3 + 0 - 1/24*v**a. Calculate l(0).
-3
Let t(j) = -j**2 - 8*j - 2. Let o be 0 - (-2)/9 - 12220/1692. Calculate t(o).
5
Let p(d) = 6*d**2 + 39*d + 13. Let i(w) = -2*w**2 - 13*w - 4. Let z(k) = -7*i(k) - 2*p(k). What is z(-6)?
-4
Let p(c) be the first derivative of -4/3*c**3 - 5/2*c**2 - 2*c + 1/4*c**4 + 11. Let q be (-86)/(-18) + 8/36. What is p(q)?
-2
Let w(s) be the second derivative of s**4/12 - s**3 - 5*s**2/2 - s - 1. Give w(7).
2
Let x(w) = 13*w - 44*w + 8*w + 14*w + 6*w - 9. Calculate x(-4).
3
Let d be (1 + (4 - 7))/((-4)/10). Let h(x) = x**2 - 5*x + 4. Give h(d).
4
Let y = 395 - 401. Let t(r) be the first derivative of r**5/120 + r**4/4 + r**3/3 - 2. Let v(o) be the third derivative of t(o). What is v(y)?
0
Let n(t) be the second derivative of -t**4/12 + t**3 - 5*t + 14. Let i = 7 - 5. Suppose l - 17 = -i*u, 0 = 4*l - 24 + 4. Give n(u).
0
Let p(x) = 4*x + 2. Suppose 9 = -0*o + 3*o. Suppose -5*a - o + 18 = 0. Determine p(a).
14
Let o(g) be the third derivative of -5*g**4/24 - g**3/2 + 8*g**2. Let n(u) = -9*u - 6. Let w(a) = -4*n(a) + 7*o(a). Determine w(0).
3
Let u(c) = 8*c - 7. Let x(i) = -7*i + 6. Let y(a) = 6*u(a) + 7*x(a). Let m(j) = j**3 - 3*j**2 + 3*j - 3. Let o be m(3). Give y(o).
-6
Let l(g) = -6*g**2 + 31*g - 84. Let n(h) = -h**2 + 6*h - 16. Let f(k) = 2*l(k) - 11*n(k). What is f(0)?
8
Let v(r) = -2*r - 1. Suppose 6 = -y + 19. Let k = -12 + y. Determine v(k).
-3
Let c = -7 + 9. Suppose c*w + 10 = -4*v, 0 = -5*w + 2*v - 1. Let r(i) = -3*i + 1. What is r(w)?
4
Suppose 0 = -2*v - 2*a + 8, v + 3*v = 3*a + 51. Let y = v + -14. Let m(p) = 2*p - 1 + 0*p - p. What is m(y)?
-6
Let z be (7 + 2)*(-7)/21. Let p(i) = 2*i**2 + 3*i - 3. Give p(z).
6
Let f(p) = -p + 2. Let k(j) = -j**2 - 9*j - 1. Let x be k(-7). Let r = x + -6. Let q(v) = -v + 13. Let t be q(r). What is f(t)?
-4
Let h = 4 - 8. Let i(o) = 16*o**2 + 2*o + 10. Let f(x) = 7*x**2 + x + 5. Let g(t) = 9*f(t) - 4*i(t). Give g(h).
-15
Let a(g) = -g - 3. Let n = -12 + 22. Give a(n).
-13
Let a(v) = -v**3 + v**2 - 1. Let g = -7 - -8. Let b = -6 + g. Let d = -3 - b. Give a(d).
-5
Let d = 644 + -644. Let a(v) = v - 13. Determine a(d).
-13
Let m(r) = r**2 - 9*r + 9. Let j be (-2528)/(-395) + 2/(-5). Determine m(j).
-9
Let d be 0 - (-3 + -2) - 1. Let c(h) = h**3 - 4*h + d - 4 + 1 - 7 + 3*h**2. Let v be ((-4)/2 - 3) + 1. Calculate c(v).
-6
Let x be ((-80)/64)/(2/(-8)). Let n = 8 + -3. Suppose -4*z + x*k = -24, n*z - 4*k = 10 + 11. Let i(m) = 2*m**3 - 2*m**2 + 1. Give i(z).
1
Let u(r) = 96 + 99 - 196 - 2*r. Suppose -2*i = 2*j + 2*i - 4, 0 = j + 5*i - 14. Let d be ((-6)/(-4))/(j/(-8)). Calculate u(d).
-5
Let n(o) = o**2 + 9*o + 4. Suppose 10*f - 36 = 84. Suppose 5*z + 4*b = -43, 4*z - 9*b + 34 = -f*b. Calculate n(z).
-10
Let y(n) = 0*n - 4*n + 6 + 3*n. Suppose -5*l + 4*d = -139, -16 = -3*d - d. Let o = 36 - l. Determine y(o).
1
Let s be (9 - 64/8)*-2. Let j(d) = d**2 + 3*d**2 - 1 + 0. What is j(s)?
15
Let c(d) = d**2 - d - 2. Let p(g) = -g**3 + 7*g**2 - g + 12. Let h be p(7). Suppose -5 - h = 5*k. What is c(k)?
4
Let j(f) be the second derivative of f**4/12 - f**2/2 + 9*f + 14. Suppose 3*s = 4*q - 2*q + 13, -q + 4*s - 14 = 0. Calculate j(q).
3
Let d(f) = -217*f - 93. Let z(b) = -2*b - 1. Let h(u) = d(u) - 93*z(u). Determine h(1).
-31
Let s(t) = 7 - 52*t**2 - 11*t + 20*t**2 + 33*t**2 - 1. Suppose 18 = 5*r - 22. Determine s(r).
-18
Suppose -2*q + 2*u = -0*q, -u = -1. Let t(l) be the first derivative of -7*l**3/3 - l**2/2 - 2. Determine t(q).
-8
Let y be 4/18 + 680/180. Suppose -4*k = -12 + y. Let h(u) = 2 - 2*u + 3*u + 3*u. Calculate h(k).
10
Suppose -j + 4 = 0, 7*u + 2*j + 27 = 2*u. Let x(m) = 2 + 8*m**2 + 2486*m**3 - 2485*m**3 + 1 + 10*m. Calculate x(u).
-18
Let r(v) = -v**2 + 10*v - 5. Let h be r(9). Let o(j) = 2*j + 4*j + 4*j**2 - 2*j - j**3 - j**2 - 2. Give o(h).
-2
Let s = -46 - -16. Let n be (12/10)/((-6)/s). Let y(d) = d**3 - 7*d**2 + 6*d - 2. Give y(n).
-2
Let c = 43 - 48. Let s(m) be the third derivative of -m**5/120 - 3*m**3/2 + 3*m**2. Let u(t) be the first derivative of s(t). Determine u(c).
5
Let z(b) = 5*b**2 + 4*b + 14. Let a(k) = -42*k**2 - 33*k - 120. Let s(y) = 2*a(y) + 17*z(y). Suppose -19 = 5*j + 11. Determine s(j).
22
Let f(q) be the third derivative of q**4/24 - 4*q**3/3 + 2592*q**2. Suppose 2*o - 2*i = 20, -2*o - i = 4*i + 1. Determine f(o).
-1
Let r(c) be the first derivative of 2*c**4 + 8*c**3/3 - 7*c**2/2 - 2*c - 2. Let y(u) = -7*u**3 - 7*u**2 + 6*u + 3. Let t(w) = 6*r(w) + 7*y(w). Give t(0).
9
Let o(s) = 56*s - 165*s - 2*s**2 + 2 + 55*s + 0 + 51*s. Determine o(4).
-42
Let l(r) = r**3 - r**2 - r - 9. Suppose -4*p = a + p - 16, -10 = -5*p. Suppose a*n - 8*n = 0. Determine l(n).
-9
Let r(x) = x**2 - 6*x. Suppose -5*o + 32 = 7. Suppose 55 = o*p + 30. What is r(p)?
-5
Let c be 4 + -3*69/54. Let n(z) be the second derivative of -3/20*z**5 + 0 - 1/2*z**2 - c*z**4 + 1/3*z**3 + 4*z. What is n(1)?
-4
Let g(a) be the first derivative of -a**2 - 5*a - 154. Calculate g(2).
-9
Let l(u) = u + 18. Let z(y) = 49*y - 153. Let q be z(3). Give l(q).
12
Let n(j) be the third derivative of -j**4/12 - j**3/3 + 3*j**2. Determine n(-1).
0
Let r(p) = p**3 - 4*p**2 - 3*p + 4. Let n(o) = 3*o**3 - 2*o + 1. Suppose -7 = -6*l - l. Let i be n(l). Suppose i*w = -0*w + 8. What is r(w)?
-8
Let m = -21 + 21. Suppose -h - h = m. Let b(v) be the first derivative of v**4/4 - v**3/3 + v**2/2 - 4*v + 1. Determine b(h).
-4
Let t(o) = -3*o + 11. Let q(s) = s - 6. Let a(u) = 5*q(u) + 2*t(u). Let f = -10 - -6. Calculate a(f).
-4
Let x